{"id":908,"date":"2025-02-21T15:54:27","date_gmt":"2025-02-21T15:54:27","guid":{"rendered":"https:\/\/www.eves-goldendoodle.ch\/?page_id=908"},"modified":"2025-02-25T17:46:27","modified_gmt":"2025-02-25T17:46:27","slug":"heute-war-ein-grosser-tag","status":"publish","type":"page","link":"https:\/\/www.eves-goldendoodle.ch\/index.php\/heute-war-ein-grosser-tag\/","title":{"rendered":"Heute war ein grosser Tag"},"content":{"rendered":"<p>&#8230;. \u00a0die Tier\u00e4rztin war bei uns und hat alle untersucht und gechipt. Wir sind so dankbar dass alle gesund und munter sind und die Tier\u00e4rztin war hin und weg von unseren Sch\u00e4tzelis wie gut sie schon \u201eerzogen\u201c sind. Mayla hat das top gemacht<\/p>\n<p><img loading=\"lazy\" decoding=\"async\" class=\"an1\" src=\"https:\/\/fonts.gstatic.com\/s\/e\/notoemoji\/13.1.1\/1f60d\/72.png\" alt=\"\ud83d\ude0d\" width=\"32\" height=\"32\" data-emoji=\"\ud83d\ude0d\" aria-label=\"\ud83d\ude0d\" \/><\/p>\n<p><img loading=\"lazy\" decoding=\"async\" class=\"alignnone wp-image-909\" src=\"https:\/\/www.eves-goldendoodle.ch\/wp-content\/uploads\/2021\/08\/Impfen.jpg\" alt=\"\" width=\"281\" height=\"374\" srcset=\"https:\/\/www.eves-goldendoodle.ch\/wp-content\/uploads\/2021\/08\/Impfen.jpg 431w, https:\/\/www.eves-goldendoodle.ch\/wp-content\/uploads\/2021\/08\/Impfen-225x300.jpg 225w\" sizes=\"auto, (max-width: 281px) 100vw, 281px\" \/><\/p>\n","protected":false},"excerpt":{"rendered":"<p>&#8230;. \u00a0die Tier\u00e4rztin war bei uns und hat alle untersucht und gechipt. Wir sind so dankbar dass alle gesund und munter sind und die Tier\u00e4rztin war hin und weg von unseren Sch\u00e4tzelis wie gut sie schon \u201eerzogen\u201c sind. Mayla hat das top gemacht<\/p>\n","protected":false},"author":1,"featured_media":0,"parent":0,"menu_order":0,"comment_status":"closed","ping_status":"closed","template":"","meta":{"footnotes":""},"class_list":["post-908","page","type-page","status-publish","hentry"],"_links":{"self":[{"href":"https:\/\/www.eves-goldendoodle.ch\/index.php\/wp-json\/wp\/v2\/pages\/908","targetHints":{"allow":["GET"]}}],"collection":[{"href":"https:\/\/www.eves-goldendoodle.ch\/index.php\/wp-json\/wp\/v2\/pages"}],"about":[{"href":"https:\/\/www.eves-goldendoodle.ch\/index.php\/wp-json\/wp\/v2\/types\/page"}],"author":[{"embeddable":true,"href":"https:\/\/www.eves-goldendoodle.ch\/index.php\/wp-json\/wp\/v2\/users\/1"}],"replies":[{"embeddable":true,"href":"https:\/\/www.eves-goldendoodle.ch\/index.php\/wp-json\/wp\/v2\/comments?post=908"}],"version-history":[{"count":2,"href":"https:\/\/www.eves-goldendoodle.ch\/index.php\/wp-json\/wp\/v2\/pages\/908\/revisions"}],"predecessor-version":[{"id":1499,"href":"https:\/\/www.eves-goldendoodle.ch\/index.php\/wp-json\/wp\/v2\/pages\/908\/revisions\/1499"}],"wp:attachment":[{"href":"https:\/\/www.eves-goldendoodle.ch\/index.php\/wp-json\/wp\/v2\/media?parent=908"}],"curies":[{"name":"wp","href":"https:\/\/api.w.org\/{rel}","templated":true}]}}